- n*o + o. Let h be k(-17). Give p(h).
9
Suppose 5*z - 4 = d, 3 = z + 1. Suppose 3*o = o + d. Let i(u) = u**2 + 1 + u**o + 0*u**3 + 2*u + 0*u. Determine i(-2).
-7
Let h = -9 + 3. Let w(s) = s**2 + 12*s + 3. Let n(g) = -2*g**2 - 23*g - 6. Suppose -40 = 4*q - 5*k - 12, 2*q + 14 = 2*k. Let b(y) = q*w(y) - 4*n(y). Give b(h).
-9
Let z(v) be the second derivative of 0 + 38*v + v**2 + 1/6*v**3. Calculate z(0).
2
Let x be -3 - -1 - -4 - -29. Let p = x + -49. Let k be 14/63 + (-14)/p. Let b(l) = l**3 + l**2 - 1. Calculate b(k).
1
Let y(c) = -c**2 - c + 2. Let j(h) = -h**3 + 6*h**2 - 3*h + 5. Let u be j(4). Let k be (-5)/(u/10) + -1. Calculate y(k).
-4
Let z(g) = -14*g + 29. Let p(q) = -30*q + 59. Let m(y) = -6*p(y) + 13*z(y). Determine m(9).
5
Let b(d) = 25*d**2 + d - 1. Suppose 0 = 2*q + 4*y + 7 + 3, -5*q = -y - 8. What is b(q)?
25
Suppose i = -4*s + 11, 4 = 4*s - i - 1. Let d(h) = 3 + 5 + 3 + 101*h - h**s - 109*h. Determine d(-9).
2
Let g(p) = -p**3 + 4*p**2 - p - 1. Let f(u) = u**3 + 9*u**2 + u + 12. Let y be f(-9). Suppose -3*x = -v - 6, -y*x + 2 + 4 = -4*v. Give g(x).
5
Suppose 2*p + 6 = -3*v, v - 23 = 3*p + 8. Let g(q) = q**2 + 9*q + 1. Give g(p).
1
Let a(v) = -3*v + 12. Let h(l) = l**2 + 17*l - 158. Let m be h(7). Calculate a(m).
-18
Let l(c) be the third derivative of 0*c + 0 + 1/24*c**4 + 2*c**3 + 10*c**2. Give l(-9).
3
Let o(f) = f - 13. Let a = 303 + -283. Give o(a).
7
Let u(t) = -2*t**2 - t - 2. Let y(q) = q**2 - q. Let g(a) = u(a) + 4*y(a). Suppose 0 = -2*k - k + 12. Determine g(k).
10
Let x(l) = -6 - 1 - 2*l - l**2 - 6*l. Suppose -3 = -i - r - 2*r, 5*r - 9 = -i. What is x(i)?
5
Suppose -3*p + 4*h + 3 = 2*p, 5*h = -p + 18. Suppose 9 = p*c - 6*c. Let l(a) = 2*a**2 + 3*a - 1. Give l(c).
8
Let c(r) = 1 + 1 - 5 - r. Suppose 4*b + 92 = 7*k - 5*k, 4*k - 3*b = 169. Let m be (k/(-15))/(4/6 - 0). Give c(m).
1
Let x(j) = 26044*j**2 - j**3 - 26043*j**2 + 5 + 22. Calculate x(0).
27
Let o(d) = 4*d**3 + d**2 - d - 1. Let k(a) = 4*a**3 - 2*a - 1. Let m(x) = 3*k(x) - 4*o(x). Give m(-2).
21
Let w = 13 - 20. Let s(g) = -g**3 - 21*g**2 + 11*g + 31. Let i(c) = c**3 + 18*c**2 - 10*c - 24. Let o(t) = 5*i(t) + 4*s(t). Give o(w).
-3
Let s(i) = -5*i**2 - i + 6. Let v(l) be the third derivative of -l**5/60 + l**3/6 + 15*l**2. Let u(z) = -s(z) + 4*v(z). Calculate u(-3).
4
Let w(f) = -f**3 - f**2 - f + 4. Suppose 2*c - 4 = 5*s, 2*s + 19 = 2*c + 3. Let z = c + -12. Determine w(z).
4
Suppose 38*b - 9 = 35*b. Let m(c) = -c + 5*c**3 + 2*c**b - 5*c**3. Determine m(1).
1
Let f(u) = -5*u + 94. Let d be f(20). Let z(o) = -5 + o + o - 4*o. What is z(d)?
7
Let v(i) = 15*i**2 - 14*i + 9. Let t(u) = -3*u**2 + 3*u - 2. Let l(k) = -9*t(k) - 2*v(k). Give l(-1).
-4
Let j(m) = -m**2 + 8*m + 1. Let p(k) = k**3 - 3*k**2 - 4*k + 4. Let h be p(3). Let q = h - -16. Determine j(q).
1
Let t(m) = -m**3 - 7*m**2 - 6*m + 3. Suppose -q = -2, k = 2*k + 3*q - 1. Let l = -2 - k. Suppose 5*u + 2*d = -1 - 27, 0 = 5*u + l*d + 27. Determine t(u).
3
Let a(w) = 5 - 10*w**2 + 8*w + 28*w**2 - 17*w**2 + 2*w. What is a(-10)?
5
Suppose -6*b + 64 = -2*b. Let f = -14 + b. Let o(w) = 4*w**f + 4 + 0*w + w - 5*w**2. Determine o(-3).
-8
Let f(s) be the third derivative of s**4/24 + s**3/6 + 27*s**2. Let k(b) = 5. Let g(v) = -f(v) + k(v). Calculate g(4).
0
Let p(f) be the third derivative of -f**6/120 + f**4/12 - f**3 + 128*f**2. Give p(2).
-10
Suppose 15*o + 72 = 18*o. Let z(d) be the first derivative of 4*d**3/3 - 4*d**2 - 8*d + 1. Let a(g) = -g**2 + g + 1. Let j(x) = o*a(x) + 3*z(x). What is j(1)?
-12
Suppose -186 = -14*y - 48*y. Let h(i) = 2*i**2 - 6*i - 2. Give h(y).
-2
Let z(l) = -l**2 + 5*l + 6. Let y(s) = s**3 - 12*s**2 + 11*s + 7. Let p be (408/9)/4 + 6/(-18). Let n be y(p). What is z(n)?
-8
Let h(o) = 7 - 19*o - 4 + 18*o - 6. What is h(-2)?
-1
Let w(q) be the third derivative of -q**5/60 + q**4/6 + q**3/3 + 13*q**2 - 2. Let z(s) = 19 - 6 - s + 0*s. Let g be z(9). Calculate w(g).
2
Let y(d) = d + 4. Let k(w) = 5*w + 15. Let q(x) = 2*k(x) - 9*y(x). What is q(12)?
6
Let w(m) = -5*m + 14. Let i be 1/((-1)/(-6)) - (-1 + 1). Give w(i).
-16
Let y be 2/7 + (-10 - 721/(-49)). Let i(x) = x**2 - 4*x + 2. Determine i(y).
7
Suppose -5*a + 41 = 3*n, n = -a + 2 + 9. Let r(w) = w - 15. Calculate r(n).
-8
Let c(r) = r**2 + r. Let w(j) = -7*j**2 + 18*j - 18. Let v(t) = 6*c(t) + w(t). Let a be v(23). Let d(l) = -l**3 + 5*l**2 + 4*l - 7. What is d(a)?
13
Let f(d) = 2*d**3 - 2*d**2 - 2. Let q(s) = -s**2 + 5*s**2 + 2 + s**2 - 6*s**2 - 4*s. Let r be q(-4). Calculate f(r).
6
Suppose -29 = -5*s - 4. Let g(z) = 16*z**3 + 14 - 8 - s. Determine g(1).
17
Suppose -2*q + 2 = -p, -4*p + 2*q = 8 + 6. Let s(h) = -2*h**3 - 3*h - 5*h**2 - h**3 + h**3 + h**3 - 1. Determine s(p).
-5
Let n(q) = -q**2 + 4*q. Let d be n(3). Let k(h) = -2*h**3 + 4*h**2 + 4*h + 8. Let f(u) = 3*u**3 - 6*u**2 - 6*u - 12. Let x(b) = -5*f(b) - 7*k(b). Give x(d).
1
Let q(g) = -2*g**2 + 52*g - 11. Let m be q(26). Let z(c) = -3*c**2 - 31*c + 9. Calculate z(m).
-13
Let o(a) be the second derivative of a**5/40 - a**4/8 - 13*a**3/3 - 10*a. Let n(g) be the second derivative of o(g). Calculate n(3).
6
Let r(d) = 156*d + 1404. Let a be r(-9). Let v(s) = -s. Let j(i) = -6*i - 11. Let y(u) = -j(u) + 5*v(u). Determine y(a).
11
Suppose 64*q - 10 = 59*q. Let y(b) = 2 - 7*b + 2*b + 2*b - 7*b. What is y(q)?
-18
Let c(r) = -r**2 - 6*r - 3. Let d(z) = z - 17. Let h be d(13). What is c(h)?
5
Let s = -14 - -8. Let q(g) = -g**2 - 3*g + 13. What is q(s)?
-5
Let c = -6 - -9. Suppose -43 = -3*m - 5*s - 14, 5*m - 4*s - 36 = 0. Let g(n) = 2*n + 2*n**3 + 3*n - m + 3 + c*n**2 - 3*n**3. Determine g(4).
-1
Let c(u) = 4*u - 5. Let k = -90 - -94. Calculate c(k).
11
Let h(f) = -f**2 + 7*f - 8. Let t(l) = l**2 + 11*l + 11. Let k be t(-10). Let i = 6 + k. Suppose 2*u - i*u + 30 = 0. Give h(u).
-2
Let n(m) be the third derivative of -m**6/120 - 4*m**5/15 + 17*m**4/24 + 11*m**3/3 + 4*m**2 - 9*m. Calculate n(-17).
22
Let p(q) be the third derivative of -20*q**2 + 0*q - 1/24*q**4 + 0 - 1/2*q**3. What is p(7)?
-10
Let r(k) be the second derivative of k**4/12 - k**3/6 + k**2 + 275*k - 1. Give r(-2).
8
Let i(r) = r**3 + 4*r**2 - 7*r - 3. Let f = 69 + -68. Let p(n) = n**2 - n - 1. Let b(y) = f*i(y) + 4*p(y). Calculate b(-9).
11
Let m(a) = -a**2 - 7*a - 5. Let p(q) = -5*q**2 + 8*q - 2. Let u be p(2). What is m(u)?
1
Let p be (2*-2)/(-2 - -1). Let z(k) be the second derivative of -10*k + 0 - 1/12*k**4 + 5/2*k**2 + 1/3*k**3. What is z(p)?
-3
Let f(x) = -x**3 + 3*x**2 + x + 2. Suppose 5*y - 2*l - 30 = -0*y, -2*y - l = -3. Give f(y).
-10
Let n(z) = -z**2 + 5*z - 2. Let l be n(4). Suppose -3*p = -l*p. Let q(u) be the first derivative of u**3/3 - 2*u + 10. Calculate q(p).
-2
Let p(z) = z + 0 + 11 + 2. Let s(i) = 4*i + 53. Let w(x) = -9*p(x) + 2*s(x). Determine w(0).
-11
Let p be (-26)/26 + (-1)/(-1 - -2). Let o(j) = 3 - 1 + 4*j - 3. Calculate o(p).
-9
Let t(h) be the third derivative of -h**6/15 - 71*h**2 + 2. Calculate t(-1).
8
Let y(l) = l**2 + 3*l + 4*l - 4*l - 5*l - 5. Let h(d) be the first derivative of -d**3/3 + d**2 + 4*d - 1. Let i(r) = 2*h(r) + 3*y(r). Determine i(5).
8
Let z(s) = -4*s**3 + 14*s**2 + 13*s + 3. Let u(l) = 5*l**3 - 13*l**2 - 12*l - 3. Let d(y) = -5*u(y) - 6*z(y). Determine d(-18).
-3
Let n(i) = 4*i**2 - i + 2. Let a(m) = 5*m**2 - m + 2. Suppose 12 = 4*g + 3*c + 4, 4 = -c. Let f(u) = g*a(u) - 6*n(u). Determine f(0).
-2
Let j(h) = -9*h - 42. Let k be j(-5). Let r(i) = -2*i + 7. What is r(k)?
1
Let s(f) be the first derivative of f**2 - f + 945. Suppose q = -q. Determine s(q).
-1
Let v(c) = -c**2 + 12*c + 14. Let d(j) = j**3 + 5*j + 14. Let x be d(0). Give v(x).
-14
Let a(n) = -n**3 + 2*n. Let k(h) = h**2 - 15*h + 18. Let q be k(14). Let d be (1 - 0)*(-8)/q. Give a(d).
4
Let m(i) = -i**3 - 3*i - 3. Let n = -398 + 397. Determine m(n).
1
Let q(m) = m**3 - 9*m**2 + 9*m - 11. Let l(p) = -p**3 - 44*p**2 + 90*p - 84. Let z be l(-46). What is q(z)?
-3
Let o(b) = 4*b**2 - b**2 - 4*b**2 + 6 + 6*b. Let y(l) = -l + 18. Let s be y(20). Let h(r) = -r**3 + r**2 + 3*r + 1. Let f be h(s). Determine o(f).
-1
Let q(m) = 5*m**2 - m + 4. Let x(d) = 6*d**2 - d + 4. Let a(f) = -7*q(f) + 6*x(f). Suppose 3*u + 22 = -14. Let s = u - -12. Determine a(s).
-4
Let z(y) be the second derivative of -5/2*y**2 + 0 + 2*y - 1